{"id":1316,"date":"2026-01-29T15:55:41","date_gmt":"2026-01-29T18:55:41","guid":{"rendered":"https:\/\/comando.rio.br\/mod\/?page_id=1316"},"modified":"2026-01-29T17:26:22","modified_gmt":"2026-01-29T20:26:22","slug":"call-of-duty-4-modern-warfare","status":"publish","type":"page","link":"https:\/\/comando.rio.br\/mod\/call-of-duty-4-modern-warfare\/","title":{"rendered":"Modern Warfare"},"content":{"rendered":"\n<h2 class=\"wp-block-heading has-large-font-size\" id=\"inspiro-is-a-digital-product-agency-that-focuses-on-strategy-and-design\" style=\"font-style:normal;font-weight:100\"><strong>Call of Duty 4 Modern Warfare<\/strong><\/h2>\n\n\n\n<p id=\"inspiro-is-a-digital-product-agency-that-focuses-on-strategy-and-design\">Para jog\u00e1-lo gratuitamente basta ter o&nbsp;<a href=\"http:\/\/store.steampowered.com\/app\/7940\/\" target=\"_blank\" rel=\"noreferrer noopener\"><strong>Call of Duty 4 Modern Warfare<\/strong><\/a>. Se voc\u00ea ainda n\u00e3o tem o melhor&nbsp;<strong>FPS<\/strong>&nbsp;j\u00e1 feito at\u00e9 hoje voc\u00ea pode compr\u00e1-lo agora mesmo no&nbsp;<a href=\"http:\/\/store.steampowered.com\/app\/7940\/\" target=\"_blank\" rel=\"noreferrer noopener\"><strong>Steam<\/strong><\/a>&nbsp;por volta dos R$110. Ou voc\u00ea pode compr\u00e1-lo mesmo usado no&nbsp;<a href=\"https:\/\/lista.mercadolivre.com.br\/call-of-duty-4-modern-warfare-pc#D[A:call%20of%20duty%204%20modern%20warfare%20pc]\" target=\"_blank\" rel=\"noreferrer noopener\"><strong>Mercado Livre<\/strong><\/a>&nbsp;ou no&nbsp;<a href=\"https:\/\/www.ebay.com\/sch\/i.html?_from=R40&amp;_trksid=m570.l1313&amp;_nkw=call+of+duty+4+modern+warfare+pc&amp;_sacat=0\" target=\"_blank\" rel=\"noreferrer noopener\"><strong>Ebay<\/strong><\/a>&nbsp;tanto a vers\u00e3o digital quanto as primeiras vers\u00f5es f\u00edsicas (Box\/Retail\/Caixa).<\/p>\n\n\n\n<p>Ainda tenho algumas c\u00f3pias da minha antiga <strong>LAN<\/strong> sobrando, e estou vendendo por apenas <strong>R$30<\/strong>. S\u00f3 mandar um <a href=\"https:\/\/comando.rio.br\/mod\/contact-2\/\" data-type=\"page\" data-id=\"11\"><strong>email<\/strong><\/a>.<\/p>\n\n\n\n<figure class=\"wp-block-embed is-type-video is-provider-youtube wp-block-embed-youtube wp-embed-aspect-16-9 wp-has-aspect-ratio\"><div class=\"wp-block-embed__wrapper\">\n<iframe loading=\"lazy\" title=\"Call of Duty Rio | Como Comprar, Baixar, Instalar e Atualizar o Call of Duty 4 Modern Warfare 2023\" width=\"950\" height=\"534\" src=\"https:\/\/www.youtube.com\/embed\/G1r5Qsn6Zec?feature=oembed\" frameborder=\"0\" allow=\"accelerometer; autoplay; clipboard-write; encrypted-media; gyroscope; picture-in-picture; web-share\" referrerpolicy=\"strict-origin-when-cross-origin\" allowfullscreen><\/iframe>\n<\/div><\/figure>\n\n\n\n<p>Sim, a vers\u00e3o gen\u00e9rica funcionar\u00e1 tamb\u00e9m perfeitamente e tem aos montes pelo&nbsp;<a href=\"https:\/\/www.google.com\/search?sxsrf=ALeKk01SDirhTDwyR76pAfZt9WV2Tprq9Q%3A1609854296331&amp;ei=WG30X4TZE_m-5OUPxrG4-Ak&amp;q=download+cod4\" target=\"_blank\" rel=\"noreferrer noopener\"><strong>Google<\/strong><\/a>&nbsp;e at\u00e9 mesmo no&nbsp;<a href=\"https:\/\/www.youtube.com\/results?search_query=download+cod4\" target=\"_blank\" rel=\"noreferrer noopener\"><strong>YouTube<\/strong><\/a>.<br>Se tiver com dificuldades de conseguir um nos procure que podemos te ajudar a conseguir um com o menor custo.<\/p>\n\n\n\n<p>Ap\u00f3s estar com o jogo instalado voc\u00ea precisa atualiz\u00e1-lo para poder jogar online, visite\u00a0<a href=\"https:\/\/comando.rio.br\/mod\/updates\/\" data-type=\"page\" data-id=\"1321\"><strong>UPDATES<\/strong><\/a>\u00a0para saber como atualizar.<\/p>\n\n\n\n<div style=\"height:100px\" aria-hidden=\"true\" class=\"wp-block-spacer\"><\/div>\n","protected":false},"excerpt":{"rendered":"<p>Call of Duty 4 Modern Warfare Para jog\u00e1-lo gratuitamente basta ter o&nbsp;Call of Duty 4 Modern Warfare. Se voc\u00ea ainda n\u00e3o tem o melhor&nbsp;FPS&nbsp;j\u00e1 feito at\u00e9 hoje voc\u00ea pode compr\u00e1-lo agora mesmo no&nbsp;Steam&nbsp;por volta dos R$110. Ou voc\u00ea pode compr\u00e1-lo mesmo usado no&nbsp;Mercado Livre&nbsp;ou no&nbsp;Ebay&nbsp;tanto a vers\u00e3o digital quanto as primeiras vers\u00f5es f\u00edsicas (Box\/Retail\/Caixa). Ainda &hellip; <\/p>\n<p class=\"link-more\"><a href=\"https:\/\/comando.rio.br\/mod\/call-of-duty-4-modern-warfare\/\" class=\"more-link\">Leia mais<span class=\"screen-reader-text\"> &#8220;Modern Warfare&#8221;<\/span><\/a><\/p>\n","protected":false},"author":1,"featured_media":1318,"parent":0,"menu_order":0,"comment_status":"closed","ping_status":"closed","template":"","meta":{"pagelayer_contact_templates":[],"_pagelayer_content":"","footnotes":""},"class_list":["post-1316","page","type-page","status-publish","has-post-thumbnail","hentry"],"featured_media_urls":{"thumbnail":["https:\/\/comando.rio.br\/mod\/wp-content\/uploads\/2026\/01\/shot0647-150x150.jpg",150,150,true],"medium":["https:\/\/comando.rio.br\/mod\/wp-content\/uploads\/2026\/01\/shot0647-300x169.jpg",300,169,true],"medium_large":["https:\/\/comando.rio.br\/mod\/wp-content\/uploads\/2026\/01\/shot0647.jpg",768,432,false],"large":["https:\/\/comando.rio.br\/mod\/wp-content\/uploads\/2026\/01\/shot0647-1024x576.jpg",950,534,true],"1536x1536":["https:\/\/comando.rio.br\/mod\/wp-content\/uploads\/2026\/01\/shot0647-1536x864.jpg",1536,864,true],"2048x2048":["https:\/\/comando.rio.br\/mod\/wp-content\/uploads\/2026\/01\/shot0647.jpg",1920,1080,false],"inspiro-featured-image":["https:\/\/comando.rio.br\/mod\/wp-content\/uploads\/2026\/01\/shot0647.jpg",1920,1080,false],"inspiro-loop":["https:\/\/comando.rio.br\/mod\/wp-content\/uploads\/2026\/01\/shot0647-950x320.jpg",950,320,true],"inspiro-loop@2x":["https:\/\/comando.rio.br\/mod\/wp-content\/uploads\/2026\/01\/shot0647-1900x640.jpg",1900,640,true],"portfolio_item-thumbnail":["https:\/\/comando.rio.br\/mod\/wp-content\/uploads\/2026\/01\/shot0647-600x400.jpg",600,400,true],"portfolio_item-thumbnail@2x":["https:\/\/comando.rio.br\/mod\/wp-content\/uploads\/2026\/01\/shot0647-1200x800.jpg",1200,800,true],"portfolio_item-masonry":["https:\/\/comando.rio.br\/mod\/wp-content\/uploads\/2026\/01\/shot0647-600x338.jpg",600,338,true],"portfolio_item-masonry@2x":["https:\/\/comando.rio.br\/mod\/wp-content\/uploads\/2026\/01\/shot0647-1200x675.jpg",1200,675,true],"portfolio_item-thumbnail_cinema":["https:\/\/comando.rio.br\/mod\/wp-content\/uploads\/2026\/01\/shot0647-800x335.jpg",800,335,true],"portfolio_item-thumbnail_portrait":["https:\/\/comando.rio.br\/mod\/wp-content\/uploads\/2026\/01\/shot0647-600x900.jpg",600,900,true],"portfolio_item-thumbnail_portrait@2x":["https:\/\/comando.rio.br\/mod\/wp-content\/uploads\/2026\/01\/shot0647-1200x1080.jpg",1200,1080,true],"portfolio_item-thumbnail_square":["https:\/\/comando.rio.br\/mod\/wp-content\/uploads\/2026\/01\/shot0647-800x800.jpg",800,800,true]},"_links":{"self":[{"href":"https:\/\/comando.rio.br\/mod\/wp-json\/wp\/v2\/pages\/1316","targetHints":{"allow":["GET"]}}],"collection":[{"href":"https:\/\/comando.rio.br\/mod\/wp-json\/wp\/v2\/pages"}],"about":[{"href":"https:\/\/comando.rio.br\/mod\/wp-json\/wp\/v2\/types\/page"}],"author":[{"embeddable":true,"href":"https:\/\/comando.rio.br\/mod\/wp-json\/wp\/v2\/users\/1"}],"replies":[{"embeddable":true,"href":"https:\/\/comando.rio.br\/mod\/wp-json\/wp\/v2\/comments?post=1316"}],"version-history":[{"count":4,"href":"https:\/\/comando.rio.br\/mod\/wp-json\/wp\/v2\/pages\/1316\/revisions"}],"predecessor-version":[{"id":1355,"href":"https:\/\/comando.rio.br\/mod\/wp-json\/wp\/v2\/pages\/1316\/revisions\/1355"}],"wp:featuredmedia":[{"embeddable":true,"href":"https:\/\/comando.rio.br\/mod\/wp-json\/wp\/v2\/media\/1318"}],"wp:attachment":[{"href":"https:\/\/comando.rio.br\/mod\/wp-json\/wp\/v2\/media?parent=1316"}],"curies":[{"name":"wp","href":"https:\/\/api.w.org\/{rel}","templated":true}]}}