{"id":1321,"date":"2026-01-29T16:10:09","date_gmt":"2026-01-29T19:10:09","guid":{"rendered":"https:\/\/comando.rio.br\/mod\/?page_id=1321"},"modified":"2026-01-29T17:27:47","modified_gmt":"2026-01-29T20:27:47","slug":"updates","status":"publish","type":"page","link":"https:\/\/comando.rio.br\/mod\/updates\/","title":{"rendered":"Updates"},"content":{"rendered":"\n<p>Ap\u00f3s estar com o jogo instalado voc\u00ea precisa atualiz\u00e1-lo para poder jogar online. Cada vers\u00e3o do jogo necessita um update diferente, portanto aten\u00e7\u00e3o qual vers\u00e3o \u00e9 o seu para n\u00e3o danificar o seu jogo e precisar reinstal\u00e1-lo.<\/p>\n\n\n\n<h2 class=\"wp-block-heading has-large-font-size\" id=\"inspiro-is-a-digital-product-agency-that-focuses-on-strategy-and-design\" style=\"font-style:normal;font-weight:100\"><strong>DVD<\/strong><\/h2>\n\n\n\n<p>Se o seu&nbsp;<strong>COD4<\/strong>&nbsp;\u00e9&nbsp;<a href=\"https:\/\/comando.rio.br\/updates.htm#steam\"><strong>STEAM<\/strong><\/a>&nbsp;veja abaixo como proceder.<\/p>\n\n\n\n<p><strong>DVD<\/strong> \u00e9 a vers\u00e3o que era vendida em caixa nas lojas muitos anos antes de sair a vers\u00e3o do&nbsp;<a href=\"https:\/\/comando.rio.br\/updates.htm#steam\"><strong>STEAM<\/strong><\/a>, tamb\u00e9m v\u00e3o encontrar vers\u00f5es apenas com o&nbsp;<strong>DVD<\/strong>&nbsp;que vinham gr\u00e1tis em milhares de placas de v\u00eddeo naquela \u00e9poca. Esta \u00e9 a vers\u00e3o mais comum de se achar online. <\/p>\n\n\n\n<p>H\u00e1 uma vers\u00e3o limitada jamais lan\u00e7ada no Brasil que j\u00e1 vem atualizada, mas \u00e9 muito rara de se achar. Tem \u00e0 venda aqui para colecionadores.<\/p>\n\n\n\n<p>Para saber qual \u00e9 a vers\u00e3o que est\u00e1 o seu <strong>COD4<\/strong>, entre no jogo, v\u00e1 para o <strong>Multiplayer<\/strong> e veja a vers\u00e3o que aparece no canto inferior direito como mostra esta imagem abaixo de uma vers\u00e3o atualizada do <strong>COD4<\/strong>.<\/p>\n\n\n\n<figure class=\"wp-block-image size-full has-custom-border\"><a href=\"https:\/\/comando.rio.br\/mod\/wp-content\/uploads\/2026\/01\/update_cod4_1.7.jpg\" target=\"_blank\" rel=\" noreferrer noopener\"><img loading=\"lazy\" decoding=\"async\" width=\"1920\" height=\"1080\" src=\"https:\/\/comando.rio.br\/mod\/wp-content\/uploads\/2026\/01\/update_cod4_1.7.jpg\" alt=\"\" class=\"wp-image-1323\" style=\"border-radius:12px\" srcset=\"https:\/\/comando.rio.br\/mod\/wp-content\/uploads\/2026\/01\/update_cod4_1.7.jpg 1920w, https:\/\/comando.rio.br\/mod\/wp-content\/uploads\/2026\/01\/update_cod4_1.7-300x169.jpg 300w, https:\/\/comando.rio.br\/mod\/wp-content\/uploads\/2026\/01\/update_cod4_1.7-1024x576.jpg 1024w\" sizes=\"auto, (max-width: 1920px) 100vw, 1920px\" \/><\/a><\/figure>\n\n\n\n<p>Se sua vers\u00e3o estiver exatamente igual a esta, seu\u00a0<strong>COD4<\/strong>\u00a0j\u00e1 est\u00e1 atualizado. V\u00e1 direto para o\u00a0<a href=\"https:\/\/comando.rio.br\/mod\/downloadinstalacao\/\" data-type=\"page\" data-id=\"1328\"><strong>Download<\/strong><\/a>. Se tiver numa vers\u00e3o inferior a esta, ou seja, menor que\u00a0<strong>1.7<\/strong>\u00a0voc\u00ea precisa baixar e aplicar os patches abaixo em sequ\u00eancia para atualiz\u00e1-lo.<\/p>\n\n\n\n<p>Se sua vers\u00e3o for&nbsp;<strong>1.8<\/strong>&nbsp;seu&nbsp;<strong>COD4<\/strong>&nbsp;\u00e9 do&nbsp;<a href=\"https:\/\/comando.rio.br\/updates.htm#steam\"><strong>STEAM<\/strong><\/a>&nbsp;e n\u00e3o deve baixar\/instalar os patches abaixo, seguindo direto para&nbsp;<a href=\"https:\/\/comando.rio.br\/updates.htm#steam\"><strong>STEAM<\/strong><\/a>.<\/p>\n\n\n\n<figure class=\"wp-block-table\"><table class=\"has-fixed-layout\"><tbody><tr><td class=\"has-text-align-right\" data-align=\"right\"><strong>Arquivo<\/strong><\/td><td><strong>Tamanho<\/strong><\/td><\/tr><tr><td class=\"has-text-align-right\" data-align=\"right\"><a href=\"http:\/\/www.4shared.com\/file\/XE_UKW7m\/CoD4MW-16-PatchSetup.html\" target=\"_blank\" rel=\"noreferrer noopener\"><strong>Call of Duty 4: Modern Warfare 1.6 Patch<\/strong>&nbsp;<\/a>|&nbsp;<a href=\"https:\/\/www.fileplanet.com\/archive\/p-16192\/Call-of-Duty-4-Modern-Warfare-v1-6-Patch\" target=\"_blank\" rel=\"noreferrer noopener\"><strong>FilePlanet<\/strong>&nbsp;<\/a>|&nbsp;<a href=\"https:\/\/www.moddb.com\/games\/call-of-duty-4-modern-warfare\/downloads\/call-of-duty-4-modern-warfare-v16-patch\" target=\"_blank\" rel=\"noreferrer noopener\"><strong>MODDB<\/strong><\/a><\/td><td><strong>283MB<\/strong><\/td><\/tr><tr><td class=\"has-text-align-right\" data-align=\"right\"><a href=\"http:\/\/www.4shared.com\/file\/mZW33-DX\/CoD4MW-16-17-PatchSetup.html\" target=\"_blank\" rel=\"noreferrer noopener\"><strong>Call of Duty 4: Modern Warfare 1.6 &#8211; 1.7 Patch<\/strong>&nbsp;<\/a>|&nbsp;<a href=\"https:\/\/www.fileplanet.com\/archive\/p-16136\/Call-of-Duty-4-Modern-Warfare-v1-6-to-v1-7-Patch\" target=\"_blank\" rel=\"noreferrer noopener\"><strong>FilePlanet<\/strong>&nbsp;<\/a>|&nbsp;<a href=\"https:\/\/www.moddb.com\/games\/call-of-duty-4-modern-warfare\/downloads\/call-of-duty-4-modern-warfare-v17-patch\" target=\"_blank\" rel=\"noreferrer noopener\"><strong>MODDB<\/strong><\/a><\/td><td><strong>38MB<\/strong><\/td><\/tr><\/tbody><\/table><\/figure>\n\n\n\n<h2 class=\"wp-block-heading has-large-font-size\" id=\"inspiro-is-a-digital-product-agency-that-focuses-on-strategy-and-design\" style=\"font-style:normal;font-weight:100\"><strong>STEAM<\/strong><\/h2>\n\n\n\n<p id=\"inspiro-is-a-digital-product-agency-that-focuses-on-strategy-and-design\">Se voc\u00ea comprou o seu&nbsp;<strong>COD4<\/strong>&nbsp;no&nbsp;<strong>Steam<\/strong>&nbsp;ou baixou uma vers\u00e3o que est\u00e1 na vers\u00e3o&nbsp;<strong>1.8<\/strong>&nbsp;como mostra a imagem abaixo, seu jogo \u00e9&nbsp;<strong>Steam<\/strong>.<\/p>\n\n\n\n<figure class=\"wp-block-image size-full has-custom-border\"><a href=\"https:\/\/comando.rio.br\/mod\/wp-content\/uploads\/2026\/01\/update_cod4_1.8.jpg\" target=\"_blank\" rel=\" noreferrer noopener\"><img loading=\"lazy\" decoding=\"async\" width=\"1920\" height=\"1080\" src=\"https:\/\/comando.rio.br\/mod\/wp-content\/uploads\/2026\/01\/update_cod4_1.8.jpg\" alt=\"\" class=\"wp-image-1324\" style=\"border-radius:12px\" srcset=\"https:\/\/comando.rio.br\/mod\/wp-content\/uploads\/2026\/01\/update_cod4_1.8.jpg 1920w, https:\/\/comando.rio.br\/mod\/wp-content\/uploads\/2026\/01\/update_cod4_1.8-300x169.jpg 300w, https:\/\/comando.rio.br\/mod\/wp-content\/uploads\/2026\/01\/update_cod4_1.8-1024x576.jpg 1024w\" sizes=\"auto, (max-width: 1920px) 100vw, 1920px\" \/><\/a><\/figure>\n\n\n\n<p>Se o seu jogo \u00e9&nbsp;<strong>Steam<\/strong>,&nbsp;tem a vantagem que ele j\u00e1 vem atualizado com os patches que cont\u00e9m os mapas extras e tudo mais.<\/p>\n\n\n\n<hr class=\"wp-block-separator has-alpha-channel-opacity\"\/>\n\n\n\n<p>Pronto, seu\u00a0<strong>COD4<\/strong>\u00a0est\u00e1 atualizado e pronto para seguir em frente. Agora basta fazer o\u00a0<a href=\"https:\/\/comando.rio.br\/mod\/downloadinstalacao\/\" data-type=\"page\" data-id=\"1328\"><strong>DOWNLOAD<\/strong><\/a>\u00a0do\u00a0<strong>Call of Duty Rio<\/strong>\u00a0e se divertir.<\/p>\n\n\n\n<p>Caso tenha qualquer problema, antes de qualquer coisa&nbsp;<a href=\"https:\/\/www.tapatalk.com\/groups\/bc\/tutorial-problemas-solu-es-t3596.html\" target=\"_blank\" rel=\"noreferrer noopener\"><strong>VERIFIQUE AQUI PRIMEIRO<\/strong><\/a>&nbsp;onde tem praticamente todos os poss\u00edveis problemas com suas respectivas solu\u00e7\u00f5es.<\/p>\n\n\n\n<div style=\"height:100px\" aria-hidden=\"true\" class=\"wp-block-spacer\"><\/div>\n","protected":false},"excerpt":{"rendered":"<p>Ap\u00f3s estar com o jogo instalado voc\u00ea precisa atualiz\u00e1-lo para poder jogar online. Cada vers\u00e3o do jogo necessita um update diferente, portanto aten\u00e7\u00e3o qual vers\u00e3o \u00e9 o seu para n\u00e3o danificar o seu jogo e precisar reinstal\u00e1-lo. DVD Se o seu&nbsp;COD4&nbsp;\u00e9&nbsp;STEAM&nbsp;veja abaixo como proceder. DVD \u00e9 a vers\u00e3o que era vendida em caixa nas lojas &hellip; <\/p>\n<p class=\"link-more\"><a href=\"https:\/\/comando.rio.br\/mod\/updates\/\" class=\"more-link\">Leia mais<span class=\"screen-reader-text\"> &#8220;Updates&#8221;<\/span><\/a><\/p>\n","protected":false},"author":1,"featured_media":1322,"parent":0,"menu_order":0,"comment_status":"closed","ping_status":"closed","template":"","meta":{"pagelayer_contact_templates":[],"_pagelayer_content":"","footnotes":""},"class_list":["post-1321","page","type-page","status-publish","has-post-thumbnail","hentry"],"featured_media_urls":{"thumbnail":["https:\/\/comando.rio.br\/mod\/wp-content\/uploads\/2026\/01\/shot0277-150x150.jpg",150,150,true],"medium":["https:\/\/comando.rio.br\/mod\/wp-content\/uploads\/2026\/01\/shot0277-300x169.jpg",300,169,true],"medium_large":["https:\/\/comando.rio.br\/mod\/wp-content\/uploads\/2026\/01\/shot0277.jpg",768,432,false],"large":["https:\/\/comando.rio.br\/mod\/wp-content\/uploads\/2026\/01\/shot0277-1024x576.jpg",950,534,true],"1536x1536":["https:\/\/comando.rio.br\/mod\/wp-content\/uploads\/2026\/01\/shot0277-1536x864.jpg",1536,864,true],"2048x2048":["https:\/\/comando.rio.br\/mod\/wp-content\/uploads\/2026\/01\/shot0277.jpg",1920,1080,false],"inspiro-featured-image":["https:\/\/comando.rio.br\/mod\/wp-content\/uploads\/2026\/01\/shot0277.jpg",1920,1080,false],"inspiro-loop":["https:\/\/comando.rio.br\/mod\/wp-content\/uploads\/2026\/01\/shot0277-950x320.jpg",950,320,true],"inspiro-loop@2x":["https:\/\/comando.rio.br\/mod\/wp-content\/uploads\/2026\/01\/shot0277-1900x640.jpg",1900,640,true],"portfolio_item-thumbnail":["https:\/\/comando.rio.br\/mod\/wp-content\/uploads\/2026\/01\/shot0277-600x400.jpg",600,400,true],"portfolio_item-thumbnail@2x":["https:\/\/comando.rio.br\/mod\/wp-content\/uploads\/2026\/01\/shot0277-1200x800.jpg",1200,800,true],"portfolio_item-masonry":["https:\/\/comando.rio.br\/mod\/wp-content\/uploads\/2026\/01\/shot0277-600x338.jpg",600,338,true],"portfolio_item-masonry@2x":["https:\/\/comando.rio.br\/mod\/wp-content\/uploads\/2026\/01\/shot0277-1200x675.jpg",1200,675,true],"portfolio_item-thumbnail_cinema":["https:\/\/comando.rio.br\/mod\/wp-content\/uploads\/2026\/01\/shot0277-800x335.jpg",800,335,true],"portfolio_item-thumbnail_portrait":["https:\/\/comando.rio.br\/mod\/wp-content\/uploads\/2026\/01\/shot0277-600x900.jpg",600,900,true],"portfolio_item-thumbnail_portrait@2x":["https:\/\/comando.rio.br\/mod\/wp-content\/uploads\/2026\/01\/shot0277-1200x1080.jpg",1200,1080,true],"portfolio_item-thumbnail_square":["https:\/\/comando.rio.br\/mod\/wp-content\/uploads\/2026\/01\/shot0277-800x800.jpg",800,800,true]},"_links":{"self":[{"href":"https:\/\/comando.rio.br\/mod\/wp-json\/wp\/v2\/pages\/1321","targetHints":{"allow":["GET"]}}],"collection":[{"href":"https:\/\/comando.rio.br\/mod\/wp-json\/wp\/v2\/pages"}],"about":[{"href":"https:\/\/comando.rio.br\/mod\/wp-json\/wp\/v2\/types\/page"}],"author":[{"embeddable":true,"href":"https:\/\/comando.rio.br\/mod\/wp-json\/wp\/v2\/users\/1"}],"replies":[{"embeddable":true,"href":"https:\/\/comando.rio.br\/mod\/wp-json\/wp\/v2\/comments?post=1321"}],"version-history":[{"count":3,"href":"https:\/\/comando.rio.br\/mod\/wp-json\/wp\/v2\/pages\/1321\/revisions"}],"predecessor-version":[{"id":1356,"href":"https:\/\/comando.rio.br\/mod\/wp-json\/wp\/v2\/pages\/1321\/revisions\/1356"}],"wp:featuredmedia":[{"embeddable":true,"href":"https:\/\/comando.rio.br\/mod\/wp-json\/wp\/v2\/media\/1322"}],"wp:attachment":[{"href":"https:\/\/comando.rio.br\/mod\/wp-json\/wp\/v2\/media?parent=1321"}],"curies":[{"name":"wp","href":"https:\/\/api.w.org\/{rel}","templated":true}]}}